(3).
6
Let f(g) = 3*g + 85. Calculate f(-35).
-20
Let w(x) = -x**3 - 3*x**2 - 2*x - 3. Determine w(-4).
21
Let o(i) = -13*i + 201. Determine o(16).
-7
Let l(r) = 8*r - 66. Calculate l(9).
6
Let n(j) = -j**2 + 7*j + 19. What is n(14)?
-79
Let p(x) = 4*x - 25. Calculate p(6).
-1
Let l(o) = -3*o - 43. What is l(-10)?
-13
Let r(u) = -u**3 - 5*u**2 + 9*u + 9. Determine r(-6).
-9
Let j(g) = -5*g + 41. What is j(9)?
-4
Let l(t) = -14*t + 82. Determine l(6).
-2
Let q(y) = -y**2 + 4*y + 12. Calculate q(6).
0
Let c(y) = -3*y**2 + 39*y - 98. Give c(9).
10
Let c(z) = 3*z**2 - 7*z + 5. Determine c(5).
45
Let f(b) = b**2 - 25*b - 710. What is f(-17)?
4
Let v(o) = o**3 - 10*o**2 - 8*o - 15. Calculate v(11).
18
Let c(z) = 23*z + 1. Give c(1).
24
Let w(r) = 4*r + 7. Give w(7).
35
Let p(v) = 11*v - 7. Determine p(1).
4
Let h(s) = -s**3 + 6*s**2 - 9*s + 6. What is h(5)?
-14
Let z(c) = 4*c**2 - 31*c + 20. Calculate z(7).
-1
Let l(d) = -7*d + 7. Determine l(2).
-7
Let v(s) = -s**3 + 8*s**2 + s + 3. Give v(8).
11
Let b(i) = -2*i**2 - 32*i + 73. Give b(-18).
1
Let i(g) = g**2 + 2*g - 1. Determine i(-2).
-1
Let r(x) = 9*x + 23. Calculate r(-4).
-13
Let k(x) = x**3 + 6*x**2 + 5*x. What is k(-6)?
-30
Let o(f) = f**2 - 21*f + 22. Calculate o(7).
-76
Let w(k) = 31*k - 58. What is w(2)?
4
Let i(q) = -13*q + 247. What is i(19)?
0
Let i(b) = -33*b - 39. Give i(-2).
27
Let a(l) = -l**3 + 4*l**2 + 2*l - 5. Give a(4).
3
Let f(i) = -i**2 - i - 6. Give f(-8).
-62
Let g(r) = -r**3 + 18*r**2 + 40*r - 2. Calculate g(20).
-2
Let v(u) = -u**3 + 2*u**2 + 2*u - 9. What is v(2)?
-5
Let k(r) = -11*r + 260. Calculate k(23).
7
Let r(y) = -8*y + 143. What is r(18)?
-1
Let x(c) = 8*c - 7. Calculate x(2).
9
Let v(r) = 2*r**2 + 4*r - 3. Calculate v(6).
93
Let d(j) = -j**2 - 5*j + 12. Give d(-4).
16
Let c(a) = -29*a + 30. Determine c(0).
30
Let t(c) = -c**2 - 7*c - 5. What is t(-3)?
7
Let h(s) = -7*s - 97. What is h(-12)?
-13
Let u(b) = 13*b**2 + 2*b - 2. Determine u(-2).
46
Let a(n) = 2*n**3 - n**2 - 2*n - 6. Determine a(-3).
-63
Let u(a) = -6*a + 119. Determine u(14).
35
Let j(p) = -p**3 + 13*p**2 + 32*p - 17. Determine j(15).
13
Let n(z) = -z - 7. Calculate n(-5).
-2
Let n(r) = r**3 - 11*r**2 + 10*r - 1. Determine n(10).
-1
Let w(j) = 5*j + 10. Calculate w(-4).
-10
Let a(y) = y + 15. What is a(0)?
15
Let u(l) = -5*l + 5. What is u(-3)?
20
Let c(r) = -r**3 + 2*r**2 + 6*r + 3. What is c(-1)?
0
Let p(o) = 7*o**2 + 9*o - 18. What is p(3)?
72
Let h(t) = t**2 + 8*t + 3. What is h(-6)?
-9
Let l(z) = -122*z + 1097. Calculate l(9).
-1
Let z(o) = 5*o + 5. Determine z(0).
5
Let v(f) = f**3 - 12*f**2 + 27*f - 193. Determine v(11).
-17
Let v(t) = 2*t**3 + 12*t**2 - 13*t - 6. Give v(-7).
-13
Let l(h) = 6*h + 5. Determine l(-2).
-7
Let m(k) = k**3 + 45*k**2 + 47*k + 70. Determine m(-44).
-62
Let n(j) = -4*j**2 + 4*j - 1. Give n(-5).
-121
Let j(s) = -6*s**2 - 7*s + 3. Calculate j(-4).
-65
Let k(l) = 108*l + 104. Give k(-1).
-4
Let h(y) = 7*y**2 + y - 8. Give h(-4).
100
Let r(f) = f**3 - 3*f**2 - 4*f + 1. Determine r(4).
1
Let k(f) = -f - 17. Give k(-6).
-11
Let s(k) = -13*k**2 + 2*k + 2. Give s(-1).
-13
Let x(k) = k - 2. What is x(4)?
2
Let y(h) = -2*h**3 - 3*h**2 + 2. Determine y(-2).
6
Let u(f) = -11*f**2 - f - 1. What is u(-1)?
-11
Let p(l) = 4*l**2 + 1. Calculate p(-1).
5
Let x(k) = 2*k**2 + 7*k - 13. Calculate x(-6).
17
Let p(t) = -t**2 + 9*t + 1. Calculate p(9).
1
Let o(t) = -2*t. Determine o(10).
-20
Let g(m) = 2*m**2 - 15*m + 6. Calculate g(7).
-1
Let g(z) = -4*z - 4. Determine g(8).
-36
Let w(f) = -4*f + 51. What is w(0)?
51
Let s(t) = -t**2 - 18*t + 1079. Determine s(25).
4
Let x(u) = u + 4. Give x(3).
7
Let m(w) = 7*w**3 + w + 2. What is m(-1)?
-6
Let x(s) = 6*s**2 - 2*s + 4. Determine x(0).
4
Let s(z) = -z**3 + 8*z**2 - 11*z + 23. Determine s(7).
-5
Let m(w) = -w**2 - 5*w + 3. Calculate m(-6).
-3
Let w(t) = 48*t - 136. Give w(3).
8
Let l(j) = -j**3 - 6*j**2 - 3*j + 10. What is l(-5)?
0
Let n(j) = j**3 + 12*j**2 + 12*j + 8. Calculate n(-11).
-3
Let v(l) = 84*l - 242. What is v(3)?
10
Let b(c) = 10*c. Give b(4).
40
Let s(g) = -g**3 - 4*g**2 + 5*g + 7. Calculate s(-5).
7
Let y(q) = -3*q**3 + 3*q - 2. What is y(2)?
-20
Let a(w) = 2*w**2 - 41*w + 19. What is a(17)?
-100
Let k(q) = 8*q - 14. What is k(2)?
2
Let c(t) = t**3 - 13*t**2 - 2*t + 48. What is c(13)?
22
Let r(m) = m**2 - 42. Calculate r(-6).
-6
Let i(u) = -2*u**3 + 10*u**2 - 6*u + 22. Calculate i(5).
-8
Let j(s) = 2*s**2 - 37*s - 34. Give j(20).
26
Let h(b) = b**3 + 14*b**2 + 13*b - 2. What is h(-13)?
-2
Let n(w) = w**3 + 11*w**2 - 11*w + 15. Determine n(-12).
3
Let f(q) = 11*q + 7. Calculate f(-2).
-15
Let s(v) = v**2 + 9*v - 52. Calculate s(-13).
0
Let n(p) = -3*p - 26. Calculate n(-15).
19
Let k(f) = -f**3 + 6*f**2 + 3*f - 17. Give k(6).
1
Let h(r) = r**2 + 11*r. What is h(-11)?
0
Let k(m) = m**3 - 3*m - 1. Determine k(2).
1
Let x(k) = -k**2 + 9*k + 11. Give x(10).
1
Let b(o) = 4*o - 8. Give b(2).
0
Let c(r) = r**2 + 6*r - 6. Give c(-7).
1
Let h(n) = 39*n - 1. Give h(-1).
-40
Let o(b) = b**3 + 2*b**2 + b - 1. What is o(-2)?
-3
Let s(j) = -11*j. Calculate s(-3).
33
Let n(m) = m**2 + 13*m + 22. What is n(-11)?
0
Let r(a) = a**3 - a + 4. Calculate r(0).
4
Let h(v) = 33*v**2 - 3*v - 2. Determine h(-2).
136
Let x(g) = 5*g**2 - 4*g + 2. Determine x(2).
14
Let f(p) = -2*p**3 + p**2 - 1. Determine f(3).
-46
Let b(d) = -d**2 - 10*d - 17. What is b(-8)?
-1
Let d(c) = c**2 + 11*c + 26. What is d(-6)?
-4
Let p(u) = -39*u**2 + 10*u - 1. Determine p(1).
-30
Let o(v) = v**2 - 5*v - 8. Give o(5).
-8
Let w(j) = -j**3 + 7*j**2 - 6*j - 11. Give w(5).
9
Let p(s) = -4*s + 24. Give p(5).
4
Let o(p) = -4*p**2 - 3*p - 4. What is o(-3)?
-31
Let u(n) = -n - 45. What is u(-23)?
-22
Let d(j) = 5*j - 29. Determine d(-9).
-74
Let k(b) = -b**3 - b**2 - 4*b + 24. Give k(0).
24
Let p(k) = 3*k + 31. Determine p(-13).
-8
Let j(o) = -o**3 - 10*o**2 - 2*o + 16. Determine j(-9).
-47
Let p(v) = -55*v**2 - 2*v + 3. What is p(1)?
-54
Let f(l) = l**3 + 3*l**2 - 15*l - 29. Give f(-5).
-4
Let o(i) = i**2 + 5*i + 15. Give o(8).
119
Let z(d) = -7*d**3 - d**2 + 2*d + 1. Give z(2).
-55
Let x(u) = 6*u**3 - u**2 + 3*u - 2. What is x(1)?
6
Let q(l) = -l**2 - 14*l - 38. What is q(-9)?
7
Let i(m) = 4*m + 15. Determine i(-2).
7
Let q(z) = -2*z**2 - 2*z + 3. Give q(-3).
-9
Let j(d) = -2*d**2 + 21*d + 139. Calculate j(15).
4
Let w(t) = 7*t**3 + 3*t**2 + 8*t + 12. What is w(-2)?
-48
Let w(f) = f**3 + 23*f**2 + 20*f + 18. Determine w(-22).
62
Let d(u) = -2*u**2 - 20*u + 15. Give d(-11).
-7
Let z(w) = -w**3 + 38*w**2 + 66. What is z(38)?
66
Let h(z) = -4*z**2 - 11*z + 3. Calculate h(-1).
10
Let l(g) = g**3 + 3*g**2 + 7*g + 5. Calculate l(-5).
-80
Let o(c) = -c**2 + 7*c + 28. Determine o(13).
-50
Let z(a) = -a**3 + 17*a**2 + 18*a - 1. Give z(18).
-1
Let w(m) = 11*m**2 + 63*m - 18. What is w(-6)?
0
Let t(a) = -13*a**2 - 3*a - 4. What is t(3)?
-130
Let y(p) = p**3 - 23*p**2 - 23*p - 32. Calculate y(24).
-8
Let i(d) = -2*d**2 + 17*d - 10. Give i(7).
11
Let n(l) = -l**3 + 5*l**2 - 4*l + 16. Determine n(5).
-4
Let s(p) = 7*p - 170. What is s(22)?
-16
Let g(z) = -z**2 + 3*z + 1. What is g(5)?
-9
Let o(r) = r - 2. Give o(8).
6
Let i(y) = 8*y + 145. Determine i(-18).
1
Let u(r) = -2*r**3 - 18*r**2 + 23*r + 52. Give u(-10).
22
Let i(c) = -64*c + 120. Give i(2).
-8
Let v(x) = x**2 + 7*x. Give v(-6).
-6
Let f(n) = -n**3 - 4*n**2 + 6*n + 3. What is f(-4)?
-21
Let z(m) = 5*m**2 + 169*m - 33. What is z(-34)?
1
Let a(m) = -m**3 + 4*m**2 + 16*m - 46. Determine a(5).
9
Let x(z) = 2*z**2 - 5*z + 1. Determine x(1).
-2
Let z(h) = -9*h + 4. What is z(4)?
-32
Let l(t) = -2*t + 7. What is l(7)?
-7
Let l(o) = -12*o - 146. Calculate l(-11).
-14
Let w(p) = -p**2 + 3*p + 15. Determine w(5).
5
Let n(u) = u**3 + 20*u**2 - u - 7. What is n(-20)?
13
Let z(u) = u**2 - 7*u - 91. Determine z(14).
7
Let j(u) = 2*u**2 + 10*u - 13. Determine j(-6).
-1
Let i(x) = -67*x**2 - x. Determine i(1).
-68
Let v(x) = 8*x - 9. Determine v(0).
-9
Let j(g) = -g**2 - 3*g + 7. Calculate j(-4).
3
Let l(n) = -n**2 - 6*n + 16. Calculate l(-8).
0
Let v(x) = -4*x**2 + 15*x - 22. What is v(5)?
-47
Let r(j) = -16*j + 1. Calculate r(-5).
81
Let a(j) = -j**3 + j**2 + 2*j + 2. Determine a(-3).
32
Let u(l) = -l - 11. What is u(-10)?
-1
Let w(r) = 11*r + 27